{"id":2414425,"date":"2026-01-05T12:07:35","date_gmt":"2026-01-05T11:07:35","guid":{"rendered":"https:\/\/fishinda.hu\/termek\/nem-kategorizalt\/termek-262\/"},"modified":"2026-04-21T13:02:50","modified_gmt":"2026-04-21T11:02:50","slug":"palisad-605x235-cm-dekorat%c3%adv-ker%c3%adt%c3%a9s-d%c3%adszker%c3%adt%c3%a9s-85-cm-r%c3%b6gz%c3%adt%c5%91-fekete-palace","status":"publish","type":"product","link":"https:\/\/fishinda.hu\/termek\/egyeb\/palisad-605x235-cm-dekorat%c3%adv-ker%c3%adt%c3%a9s-d%c3%adszker%c3%adt%c3%a9s-85-cm-r%c3%b6gz%c3%adt%c5%91-fekete-palace\/","title":{"rendered":"PALISAD 60,5&#215;23,5 cm dekorat\u00edv ker\u00edt\u00e9s, d\u00edszker\u00edt\u00e9s, 8,5 cm r\u00f6gz\u00edt\u0151, fekete &#8222;Palace&#8221;"},"content":{"rendered":"<p>A PALISAD &#8222;Palace&#8221; 60,5 \u00d7 23,5 cm fekete dekorat\u00edv ker\u00edt\u00e9s ide\u00e1lis megold\u00e1s vir\u00e1g\u00e1gy\u00e1sok, \u00f6sv\u00e9nyek, bokrok \u00e9s f\u00e1k k\u00f6rbeker\u00edt\u00e9s\u00e9re, valamint a kert vagy nyaral\u00f3ter\u00fclet eleg\u00e1ns keretez\u00e9s\u00e9re. A teljes magass\u00e1g 23,5 cm, az 8,5 cm hossz\u00fa be\u00e9p\u00edtett r\u00f6gz\u00edt\u0151k stabilan r\u00f6gz\u00edtik a ker\u00edt\u00e9st a talajban. A modul\u00e1ris elemek reteszel\u0151 csatlakoz\u00e1ssal rendelkeznek, \u00edgy b\u00e1rmilyen form\u00e1j\u00fa ter\u00fclethez k\u00f6nnyen illeszthet\u0151k \u2013 legyen az n\u00e9gyzet, k\u00f6r vagy \u00edvelt minta \u2013, biztos\u00edtva a rendezett, dekorat\u00edv megjelen\u00e9st.&gt; <\/p>\n<p>A ker\u00edt\u00e9s tart\u00f3s polipropil\u00e9nb\u0151l k\u00e9sz\u00fclt, amely ellen\u00e1ll az UV-sug\u00e1rz\u00e1snak, a nedvess\u00e9gnek \u00e9s a h\u0151m\u00e9rs\u00e9klet-ingadoz\u00e1soknak, \u00edgy hossz\u00fa \u00e9lettartamot garant\u00e1l. A k\u00f6nny\u0171 \u00f6sszeszerel\u00e9s \u00e9rdek\u00e9ben a hegyes r\u00f6gz\u00edt\u0151k egyszer\u0171en a talajba s\u00fcllyeszthet\u0151k, a modul\u00e1ris elemek pedig stabilan r\u00f6gz\u00edthet\u0151k egym\u00e1shoz. A ker\u00edt\u00e9s eg\u00e9sz \u00e9vben meg\u0151rzi form\u00e1j\u00e1t, harmonikus keretet biztos\u00edtva a k\u00fclt\u00e9ri ter\u00fcleteknek.&gt; <\/p>\n<table>\n<tbody>\n<tr>\n<td>Sz\u00edn<\/td>\n<td>Fekete<\/td>\n<\/tr>\n<tr>\n<td>M\u00e9ret (sz \u00d7 m)<\/td>\n<td>60,5 \u00d7 23,5 cm<\/td>\n<\/tr>\n<tr>\n<td>R\u00f6gz\u00edt\u0151 hossza<\/td>\n<td>8,5 cm<\/td>\n<\/tr>\n<tr>\n<td>Anyag<\/td>\n<td>Polipropil\u00e9n<\/td>\n<\/tr>\n<tr>\n<td>Alkalmaz\u00e1s<\/td>\n<td>Vir\u00e1g\u00e1gy\u00e1sok, \u00f6sv\u00e9nyek, bokrok \u00e9s f\u00e1k k\u00f6rbeker\u00edt\u00e9se<\/td>\n<\/tr>\n<tr>\n<td>\u00d6sszeszerel\u00e9s<\/td>\n<td>Modul\u00e1ris, reteszel\u0151 csatlakoz\u00e1s<\/td>\n<\/tr>\n<tr>\n<td>EAN<\/td>\n<td>4044996242170<\/td>\n<\/tr>\n<\/tbody>\n<\/table>\n","protected":false},"excerpt":{"rendered":"<p>A PALISAD &#8222;Palace&#8221; 60,5 \u00d7 23,5 cm fekete dekorat\u00edv ker\u00edt\u00e9s ide\u00e1lis megold\u00e1s vir\u00e1g\u00e1gy\u00e1sok, \u00f6sv\u00e9nyek, bokrok \u00e9s f\u00e1k k\u00f6rbeker\u00edt\u00e9s\u00e9re, valamint a kert vagy nyaral\u00f3ter\u00fclet eleg\u00e1ns keretez\u00e9s\u00e9re. A teljes magass\u00e1g 23,5 cm, az 8,5 cm hossz\u00fa be\u00e9p\u00edtett r\u00f6gz\u00edt\u0151k stabilan r\u00f6gz\u00edtik a ker\u00edt\u00e9st a talajban. A modul\u00e1ris elemek reteszel\u0151 csatlakoz\u00e1ssal rendelkeznek, \u00edgy b\u00e1rmilyen form\u00e1j\u00fa ter\u00fclethez k\u00f6nnyen illeszthet\u0151k \u2013 [&#8230;]\n","protected":false},"featured_media":2414426,"comment_status":"open","ping_status":"closed","template":"","meta":[],"sr_categories":[1421,1426,1406],"note":[],"product_brand":[330],"product_cat":[1369],"product_tag":[],"class_list":{"0":"post-2414425","1":"product","2":"type-product","3":"status-publish","4":"has-post-thumbnail","6":"sr_categories-kezi-kerti-szerszamok","7":"sr_categories-palisad","8":"sr_categories-szerszamok","9":"product_brand-palisad","10":"product_cat-egyeb","12":"first","13":"instock","14":"taxable","15":"shipping-taxable","16":"purchasable","17":"product-type-simple"},"_links":{"self":[{"href":"https:\/\/fishinda.hu\/api\/wp\/v2\/product\/2414425","targetHints":{"allow":["GET"]}}],"collection":[{"href":"https:\/\/fishinda.hu\/api\/wp\/v2\/product"}],"about":[{"href":"https:\/\/fishinda.hu\/api\/wp\/v2\/types\/product"}],"replies":[{"embeddable":true,"href":"https:\/\/fishinda.hu\/api\/wp\/v2\/comments?post=2414425"}],"wp:featuredmedia":[{"embeddable":true,"href":"https:\/\/fishinda.hu\/api\/wp\/v2\/media\/2414426"}],"wp:attachment":[{"href":"https:\/\/fishinda.hu\/api\/wp\/v2\/media?parent=2414425"}],"wp:term":[{"taxonomy":"sr_categories","embeddable":true,"href":"https:\/\/fishinda.hu\/api\/wp\/v2\/sr_categories?post=2414425"},{"taxonomy":"note","embeddable":true,"href":"https:\/\/fishinda.hu\/api\/wp\/v2\/note?post=2414425"},{"taxonomy":"product_brand","embeddable":true,"href":"https:\/\/fishinda.hu\/api\/wp\/v2\/product_brand?post=2414425"},{"taxonomy":"product_cat","embeddable":true,"href":"https:\/\/fishinda.hu\/api\/wp\/v2\/product_cat?post=2414425"},{"taxonomy":"product_tag","embeddable":true,"href":"https:\/\/fishinda.hu\/api\/wp\/v2\/product_tag?post=2414425"}],"curies":[{"name":"wp","href":"https:\/\/api.w.org\/{rel}","templated":true}]}}

PALISAD 60,5&#215;23,5 cm dekoratív kerítés, díszkerítés, 8,5 cm rögzítő, fekete &#8222;Palace&#8221;

<p>A PALISAD &#8222;Palace&#8221; 60,5 × 23,5 cm fekete dekoratív kerítés ideális megoldás virágágyások, ösvények, bokrok és fák körbekerítésére, valamint a kert vagy nyaralóterület elegáns keretezésére. A teljes magasság 23,5 cm, az 8,5 cm hosszú beépített rögzítők stabilan rögzítik a kerítést a talajban. A moduláris elemek reteszelő csatlakozással rendelkeznek, így bármilyen formájú területhez könnyen illeszthetők – legyen az négyzet, kör vagy ívelt minta –, biztosítva a rendezett, dekoratív megjelenést.&gt; </p>
<p>A kerítés tartós polipropilénből készült, amely ellenáll az UV-sugárzásnak, a nedvességnek és a hőmérséklet-ingadozásoknak, így hosszú élettartamot garantál. A könnyű összeszerelés érdekében a hegyes rögzítők egyszerűen a talajba süllyeszthetők, a moduláris elemek pedig stabilan rögzíthetők egymáshoz. A kerítés egész évben megőrzi formáját, harmonikus keretet biztosítva a kültéri területeknek.&gt; </p>
<table>
<tbody>
<tr>
<td>Szín</td>
<td>Fekete</td>
</tr>
<tr>
<td>Méret (sz × m)</td>
<td>60,5 × 23,5 cm</td>
</tr>
<tr>
<td>Rögzítő hossza</td>
<td>8,5 cm</td>
</tr>
<tr>
<td>Anyag</td>
<td>Polipropilén</td>
</tr>
<tr>
<td>Alkalmazás</td>
<td>Virágágyások, ösvények, bokrok és fák körbekerítése</td>
</tr>
<tr>
<td>Összeszerelés</td>
<td>Moduláris, reteszelő csatlakozás</td>
</tr>
<tr>
<td>EAN</td>
<td>4044996242170</td>
</tr>
</tbody>
</table>

<p>A PALISAD &#8222;Palace&#8221; 60,5 × 23,5 cm fekete dekoratív kerítés ideális megoldás virágágyások, ösvények, bokrok és fák körbekerítésére, valamint a kert vagy nyaralóterület elegáns keretezésére. A teljes magasság 23,5 cm, az 8,5 cm hosszú beépített rögzítők stabilan rögzítik a kerítést a talajban. A moduláris elemek reteszelő csatlakozással rendelkeznek, így bármilyen formájú területhez könnyen illeszthetők – [&#8230;]
