{"id":2199509,"date":"2025-07-17T23:49:15","date_gmt":"2025-07-17T21:49:15","guid":{"rendered":"https:\/\/fishinda.hu\/termek\/nem-kategorizalt\/termek-3\/"},"modified":"2026-02-14T04:13:11","modified_gmt":"2026-02-14T03:13:11","slug":"kubala-130x270mm-8x8mm-inox-k%c3%b6rm%c3%b6s-glettvas","status":"publish","type":"product","link":"https:\/\/fishinda.hu\/termek\/egyeb\/kubala-130x270mm-8x8mm-inox-k%c3%b6rm%c3%b6s-glettvas\/","title":{"rendered":"KUBALA 130x270mm 8x8mm Inox k\u00f6rm\u00f6s glettvas"},"content":{"rendered":"<p>A KUBALA fogazott glettvas ragaszt\u00f3habarcsok hat\u00e9kony felvitel\u00e9re szolg\u00e1l. Munkafel\u00fclete kiv\u00e1l\u00f3 min\u00f5s\u00e9g\u00fb rozsdamentes ac\u00e9lb\u00f3l k\u00e9sz\u00fcl.A m\u00fbanyagb\u00f3l k\u00e9sz\u00fclt ergonomikus markolat j\u00f3l fekszik a teny\u00e9rben. A k\u00e9nyelemes markolatnak k\u00f6sz\u00f6nhet\u00f5en nem csak gyors, de prec\u00edz munk\u00e1t is v\u00e9gezhet. A KUBALA m\u00e1rka ezermestereknek k\u00e9sz\u00fcl. Jellemz\u00f5k <\/p>\n<table>\n<tbody>\n<tr>\n<td>m\u00e9retek<\/td>\n<td>130x270mm<\/td>\n<\/tr>\n<tr>\n<td>anyaga<\/td>\n<td>rozsdamentes ac\u00e9l<\/td>\n<\/tr>\n<tr>\n<td>markolat<\/td>\n<td>ergon\u00f3mikus m\u00fbanyag<\/td>\n<\/tr>\n<tr>\n<td>fogaz\u00e1s<\/td>\n<td>8x8mm<\/td>\n<\/tr>\n<tr>\n<td>alkalmaz\u00e1s<\/td>\n<td>ragaszt\u00f3 felhord\u00e1s<\/td>\n<\/tr>\n<tr>\n<td>vastags\u00e1g<\/td>\n<td>0,7mm<\/td>\n<\/tr>\n<tr>\n<td><\/td>\n<td><\/td>\n<\/tr>\n<tr>\n<td><\/td>\n<td><\/td>\n<\/tr>\n<tr>\n<td><\/td>\n<td><\/td>\n<\/tr>\n<tr>\n<td><\/td>\n<td><\/td>\n<\/tr>\n<\/tbody>\n<\/table>\n","protected":false},"excerpt":{"rendered":"<p>A KUBALA fogazott glettvas ragaszt\u00f3habarcsok hat\u00e9kony felvitel\u00e9re szolg\u00e1l. Munkafel\u00fclete kiv\u00e1l\u00f3 min\u00f5s\u00e9g\u00fb rozsdamentes ac\u00e9lb\u00f3l k\u00e9sz\u00fcl.A m\u00fbanyagb\u00f3l k\u00e9sz\u00fclt ergonomikus markolat j\u00f3l fekszik a teny\u00e9rben. A k\u00e9nyelemes markolatnak k\u00f6sz\u00f6nhet\u00f5en nem csak gyors, de prec\u00edz munk\u00e1t is v\u00e9gezhet. A KUBALA m\u00e1rka ezermestereknek k\u00e9sz\u00fcl. Jellemz\u00f5k m\u00e9retek 130x270mm anyaga rozsdamentes ac\u00e9l markolat ergon\u00f3mikus m\u00fbanyag fogaz\u00e1s 8x8mm alkalmaz\u00e1s ragaszt\u00f3 felhord\u00e1s vastags\u00e1g 0,7mm<\/p>\n","protected":false},"featured_media":2199510,"comment_status":"open","ping_status":"closed","template":"","meta":[],"sr_categories":[1410,31507,1406],"note":[],"product_brand":[1454],"product_cat":[1369],"product_tag":[],"class_list":{"0":"post-2199509","1":"product","2":"type-product","3":"status-publish","4":"has-post-thumbnail","6":"sr_categories-epitkezo-szerszamok","7":"sr_categories-kubala","8":"sr_categories-szerszamok","9":"product_brand-kubala","10":"product_cat-egyeb","12":"first","13":"instock","14":"taxable","15":"shipping-taxable","16":"purchasable","17":"product-type-simple"},"_links":{"self":[{"href":"https:\/\/fishinda.hu\/api\/wp\/v2\/product\/2199509","targetHints":{"allow":["GET"]}}],"collection":[{"href":"https:\/\/fishinda.hu\/api\/wp\/v2\/product"}],"about":[{"href":"https:\/\/fishinda.hu\/api\/wp\/v2\/types\/product"}],"replies":[{"embeddable":true,"href":"https:\/\/fishinda.hu\/api\/wp\/v2\/comments?post=2199509"}],"wp:featuredmedia":[{"embeddable":true,"href":"https:\/\/fishinda.hu\/api\/wp\/v2\/media\/2199510"}],"wp:attachment":[{"href":"https:\/\/fishinda.hu\/api\/wp\/v2\/media?parent=2199509"}],"wp:term":[{"taxonomy":"sr_categories","embeddable":true,"href":"https:\/\/fishinda.hu\/api\/wp\/v2\/sr_categories?post=2199509"},{"taxonomy":"note","embeddable":true,"href":"https:\/\/fishinda.hu\/api\/wp\/v2\/note?post=2199509"},{"taxonomy":"product_brand","embeddable":true,"href":"https:\/\/fishinda.hu\/api\/wp\/v2\/product_brand?post=2199509"},{"taxonomy":"product_cat","embeddable":true,"href":"https:\/\/fishinda.hu\/api\/wp\/v2\/product_cat?post=2199509"},{"taxonomy":"product_tag","embeddable":true,"href":"https:\/\/fishinda.hu\/api\/wp\/v2\/product_tag?post=2199509"}],"curies":[{"name":"wp","href":"https:\/\/api.w.org\/{rel}","templated":true}]}}

KUBALA 130x270mm 8x8mm Inox körmös glettvas

<p>A KUBALA fogazott glettvas ragasztóhabarcsok hatékony felvitelére szolgál. Munkafelülete kiváló minõségû rozsdamentes acélból készül.A mûanyagból készült ergonomikus markolat jól fekszik a tenyérben. A kényelemes markolatnak köszönhetõen nem csak gyors, de precíz munkát is végezhet. A KUBALA márka ezermestereknek készül. Jellemzõk </p>
<table>
<tbody>
<tr>
<td>méretek</td>
<td>130x270mm</td>
</tr>
<tr>
<td>anyaga</td>
<td>rozsdamentes acél</td>
</tr>
<tr>
<td>markolat</td>
<td>ergonómikus mûanyag</td>
</tr>
<tr>
<td>fogazás</td>
<td>8x8mm</td>
</tr>
<tr>
<td>alkalmazás</td>
<td>ragasztó felhordás</td>
</tr>
<tr>
<td>vastagság</td>
<td>0,7mm</td>
</tr>
<tr>
<td></td>
<td></td>
</tr>
<tr>
<td></td>
<td></td>
</tr>
<tr>
<td></td>
<td></td>
</tr>
<tr>
<td></td>
<td></td>
</tr>
</tbody>
</table>

<p>A KUBALA fogazott glettvas ragasztóhabarcsok hatékony felvitelére szolgál. Munkafelülete kiváló minõségû rozsdamentes acélból készül.A mûanyagból készült ergonomikus markolat jól fekszik a tenyérben. A kényelemes markolatnak köszönhetõen nem csak gyors, de precíz munkát is végezhet. A KUBALA márka ezermestereknek készül. Jellemzõk méretek 130x270mm anyaga rozsdamentes acél markolat ergonómikus mûanyag fogazás 8x8mm alkalmazás ragasztó felhordás vastagság 0,7mm</p>
